
12
Convert 10 (base 5) to base 16.
5
10 (base 2) to base 5
2
What is 324 (base 5) in base 4?
1121
What is 0 (base 9) in base 8?
0
What is 9 (base 10) in base 8?
11
a (base 13) to base 4
22
Convert 5 (base 14) to base 10.
5
47 (base 11) to base 10
51
Convert 3 (base 8) to base 3.
10
15 (base 7) to base 4
30
What is 3 (base 4) in base 16?
3
Convert -104 (base 8) to base 3.
-2112
-6 (base 10) to base 8
-6
Convert -d (base 14) to base 6.
-21
201 (base 3) to base 9
21
What is -6d (base 14) in base 10?
-97
What is -d (base 14) in base 16?
-d
Convert -5 (base 12) to base 6.
-5
Convert 165 (base 14) to base 2.
100011101
Convert -264 (base 7) to base 11.
-121
Convert -102 (base 3) to base 9.
-12
19 (base 11) to base 4
110
20 (base 6) to base 14
c
Convert -177 (base 10) to base 11.
-151
-72 (base 8) to base 10
-58
What is 1 (base 6) in base 4?
1
1 (base 7) to base 13
1
32 (base 7) to base 2
10111
8 (base 11) to base 12
8
What is -2 (base 15) in base 4?
-2
Convert -24 (base 7) to base 10.
-18
Convert 1134 (base 5) to base 14.
c1
55 (base 6) to base 3
1022
Convert -324 (base 5) to base 3.
-10022
What is -106 (base 7) in base 16?
-37
What is 3 (base 12) in base 15?
3
What is -2 (base 6) in base 5?
-2
Convert -110 (base 5) to base 2.
-11110
Convert -2 (base 15) to base 7.
-2
11 (base 11) to base 10
12
What is -15 (base 6) in base 8?
-13
Convert 22 (base 8) to base 7.
24
What is 0 (base 15) in base 2?
0
2 (base 5) to base 13
2
-1 (base 13) to base 10
-1
What is 35 (base 6) in base 7?
32
2112 (base 4) to base 11
127
4 (base 13) to base 14
4
18 (base 16) to base 6
40
What is -154 (base 9) in base 13?
-a0
Convert 1b (base 14) to base 4.
121
-36 (base 12) to base 5
-132
Convert -100 (base 11) to base 4.
-1321
123 (base 6) to base 12
43
36 (base 10) to base 14
28
What is 1 (base 11) in base 3?
1
What is 7 (base 11) in base 14?
7
f (base 16) to base 7
21
Convert 32 (base 4) to base 6.
22
-214 (base 6) to base 15
-57
Convert 12 (base 10) to base 2.
1100
Convert -7 (base 11) to base 6.
-11
-33 (base 4) to base 15
-10
What is 1d (base 16) in base 8?
35
Convert 12 (base 8) to base 10.
10
-270 (base 8) to base 7
-352
5 (base 16) to base 11
5
-144 (base 13) to base 10
-225
Convert 0 (base 11) to base 2.
0
Convert -158 (base 11) to base 4.
-2320
What is 2 (base 8) in base 7?
2
What is -57 (base 13) in base 16?
-48
-120 (base 4) to base 5
-44
Convert 1122 (base 3) to base 13.
35
Convert 1110111 (base 2) to base 9.
142
What is 2 (base 4) in base 13?
2
-8 (base 15) to base 6
-12
What is 1a (base 15) in base 13?
1c
What is -2a (base 12) in base 16?
-22
-7 (base 11) to base 7
-10
What is 47 (base 10) in base 13?
38
-151 (base 6) to base 8
-103
Convert 0 (base 2) to base 13.
0
-5e (base 15) to base 7
-155
-5 (base 8) to base 6
-5
What is -21 (base 4) in base 9?
-10
-124 (base 5) to base 8
-47
What is 1 (base 4) in base 5?
1
What is 45 (base 13) in base 4?
321
Convert -23 (base 4) to base 9.
-12
Convert 3 (base 4) to base 7.
3
59 (base 13) to base 7
134
-23 (base 6) to base 10
-15
Convert 1 (base 12) to base 3.
1
What is -a4 (base 16) in base 13?
-c8
Convert 126 (base 14) to base 8.
346
12d (base 15) to base 9
327
-113 (base 7) to base 15
-3e
What is -5 (base 12) in base 16?
-5
What is -23 (base 7) in base 14?
-13
Convert 2 (base 6) to base 12.
2
-1 (base 11) to base 6
-1
What is -101001 (base 2) in base 9?
-45
-43 (base 7) to base 14
-23
201 (base 3) to base 7
25
What is -173 (base 14) in base 3?
-102000
Convert -11011011 (base 2) to base 13.
-13b
What is 10 (base 13) in base 4?
31
What is -3 (base 15) in base 8?
-3
What is -5 (base 12) in base 4?
-11
Convert 19 (base 11) to base 7.
26
147 (base 12) to base 4
3013
13 (base 7) to base 15
a
What is 15 (base 6) in base 16?
b
What is -531 (base 7) in base 10?
-267
10 (base 5) to base 4
11
-65 (base 7) to base 13
-38
35 (base 8) to base 11
27
-65 (base 12) to base 11
-70
What is 4 (base 12) in base 16?
4
12 (base 4) to base 12
6
What is 41 (base 14) in base 10?
57
-15 (base 7) to base 5
-22
Convert 110 (base 2) to base 6.
10
Convert 19 (base 13) to base 6.
34
Convert -5 (base 8) to base 7.
-5
What is 12 (base 5) in base 12?
7
What is 5 (base 13) in base 7?
5
11010 (base 2) to base 11
24
Convert -41 (base 12) to base 5.
-144
Convert 34 (base 15) to base 3.
1211
What is 0 (base 14) in base 9?
0
39 (base 16) to base 15
3c
What is -2 (base 15) in base 4?
-2
What is -11 (base 15) in base 4?
-100
10110100 (base 2) to base 10
180
Convert -75 (base 9) to base 13.
-53
Convert -3 (base 4) to base 8.
-3
-c1 (base 16) to base 6
-521
1 (base 9) to base 5
1
47 (base 13) to base 3
2012
Convert -33 (base 11) to base 8.
-44
What is -112 (base 10) in base 13?
-88
What is 60 (base 7) in base 15?
2c
Convert -7a (base 11) to base 16.
-57
What is -21 (base 6) in base 2?
-1101
-8 (base 9) to base 16
-8
Convert -1 (base 10) to base 9.
-1
Convert 0 (base 6) to base 2.
0
What is -11310 (base 4) in base 5?
-2442
2 (base 6) to base 15
2
Convert -5 (base 9) to base 11.
-5
Convert 3 (base 11) to base 8.
3
10000100 (base 2) to base 3
11220
-2 (base 13) to base 12
-2
What is -1010111 (base 2) in base 5?
-322
0 (base 15) to base 4
0
What is -1 (base 8) in base 4?
-1
2a (base 14) to base 8
46
Convert -251 (base 6) to base 16.
-67
-4 (base 9) to base 5
-4
Convert 2 (base 5) to base 16.
2
Convert 320 (base 5) to base 9.
104
-220 (base 4) to base 5
-130
What is -41 (base 11) in base 16?
-2d
-b4 (base 15) to base 3
-20021
What is -1b8 (base 12) in base 2?
-100011100
-30 (base 6) to base 14
-14
-10100 (base 2) to base 3
-202
-2 (base 13) to base 2
-10
What is -9 (base 10) in base 9?
-10
What is -6 (base 7) in base 15?
-6
-21 (base 3) to base 16
-7
What is 4 (base 11) in base 12?
4
73 (base 11) to base 15
55
-21 (base 5) to base 4
-23
-53 (base 10) to base 4
-311
Convert 2 (base 14) to base 2.
10
21 (base 4) to base 7
12
Convert -1 (base 6) to base 10.
-1
What is -204 (base 6) in base 4?
-1030
Convert -214 (base 8) to base 5.
-1030
What is -14 (base 15) in base 9?
-21
What is 79 (base 12) in base 5?
333
Convert 13 (base 12) to base 2.
1111
What is 3 (base 4) in base 15?
3
48 (base 13) to base 16
3c
What is -7 (base 11) in base 5?
-12
What is -1 (base 8) in base 9?
-1
Convert 56 (base 16) to base 2.
1010110
What is 2 (base 4) in base 10?
2
-133 (base 5) to base 12
-37
-42 (base 15) to base 5
-222
-100100 (base 3) to base 12
-190
Convert 4 (base 9) to base 10.
4
What is 4 (base 8) in base 6?
4
Convert -2a (base 16) to base 9.
-46
Convert -5 (base 15) to base 16.
-5
What is -100 (base 5) in base 4?
-121
Convert 11 (base 3) to base 5.
4
Convert -35 (base 8) to base 3.
-1002
What is -16 (base 15) in base 2?
-10101
What is -81 (base 16) in base 12?
-a9
Convert 101 (base 2) to base 13.
5
Convert ab (base 16) to base 9.
210
Convert 30 (base 5) to base 3.
120
What is -3 (base 15) in base 10?
-3
What is -6 (base 8) in base 7?
-6
-3 (base 16) to base 4
-3
What is 100 (base 2) in base 3?
11
What is 101 (base 5) in base 15?
1b
What is -13 (base 7) in base 16?
-a
Convert -33 (base 8) to base 9.
-30
Convert 478 (base 9) to base 4.
12023
9 (base 10) to base 14
9
Convert -4 (base 9) to base 5.
-4
-d (base 15) to base 12
-11
Convert 12 (base 10) to base 9.
13
What is -1 (base 5) in base 11?
-1
200 (base 3) to base 11
17
70 (base 16) to base 13
88
What is 7 (base 8) in base 3?
21
What is 0 (base 13) in base 8?
0
Convert 1 (base 8) to base 9.
1
Convert 3 (base 8) to base 13.
3
Convert 1 (base 8) to base 4.
1
What is 0 (base 8) in base 11?
0
15 (base 11) to base 2
10000
What is -3 (base 10) in base 16?
-3
-5 (base 8) to base 13
-5
5 (base 8) to base 5
10
What is -1d (base 14) in base 7?
-36
What is -6 (base 14) in base 15?
-6
What is -20 (base 4) in base 9?
-8
Convert -3 (base 16) to base 8.
-3
What is 135 (base 7) in base 5?
300
Convert 3 (base 15) to base 14.
3
What is -2 (base 16) in base 11?
-2
Convert a (base 16) to base 11.
a
1003 (base 5) to base 12
a8
What is b2 (base 16) in base 3?
20121
Convert -3 (base 16) to base 14.
-3
11 (base 9) to base 14
a
Convert 1100 (base 2) to base 11.
11
What is 2 (base 7) in base 13?
2
-13 (base 9) to base 8
-14
22 (base 14) to base 4
132
What is -10 (base 6) in base 13?
-6
4 (base 5) to base 8
4
-74 (base 16) to base 13
-8c
Convert -3 (base 11) 